 - 1) + f*188?
193
Suppose 0 = -5*h - 5*k + 75, -5*h + 68 = 2*k - 16. Suppose -6*a + 6 = h. What are the prime factors of a/(127/32 + -4)?
2
Suppose 0 = 17*z - 21*z - 5*f + 1738, 5*z - 4*f = 2193. Let x = 673 - z. List the prime factors of x.
2, 59
Let b(g) be the first derivative of -27 - 10*g - 5/2*g**2. List the prime factors of b(-9).
5, 7
Suppose 0*t + 53736 = 4*q - 4*t, 0 = q - 2*t - 13440. What are the prime factors of q?
2, 3, 373
Let t = -8 - -11. Suppose -12 = -t*r - 0. Suppose -5 = -5*i + r*g + 31, -g + 9 = i. List the prime factors of i.
2
Let g(k) = 9012*k - 2101. What are the prime factors of g(3)?
5, 4987
Suppose 3*b = -6, 0 = -x - 3*x - 5*b + 18. Suppose -11*u - 1572 = -13*u. Suppose x*z - u = z. List the prime factors of z.
131
Suppose -5123 + 448 = -r + 13178. What are the prime factors of r?
3, 11, 541
Suppose -2*i = 2*q - 3600, 3*q = -4*i + 8*q + 7209. What are the prime factors of i?
1801
Let h(v) = -308*v**3 + 5*v**2 + 131*v + 411. List the prime factors of h(-3).
3, 7, 19
Let b be 871/(-7) + (-66)/(-154). Let t = -95 - b. What are the prime factors of t?
29
Suppose 2*a - 8754370 = 12*a. What are the prime factors of (-4)/(-66) + a/(-1419)?
617
Suppose -2*d + 256 = 4*p - 2*p, 5*d + 5 = 0. Suppose 0*a - 3*a + p = 0. Suppose 0 = -a*z + 45*z - 172. What are the prime factors of z?
2, 43
Suppose -307*j = -279*j - 262080. What are the prime factors of j?
2, 3, 5, 13
Let f(j) = 843*j**2 + 2*j + 14. What are the prime factors of f(-7)?
3, 7, 281
Let c(u) = -4*u - 144. Let t be c(0). Let o = t + 80. Let s = 49 - o. What are the prime factors of s?
113
What are the prime factors of 44/55 + (-2 - 63702/(-10))?
3, 11, 193
Suppose 59*b - 69*b - 100 = 0. Let u(v) = -119*v + 31. List the prime factors of u(b).
3, 11, 37
Let q(a) = 3*a**2 - 63*a + 80. Let g be q(-31). Suppose -3867 = -2*h - 3*n, 2*n - g - 4724 = -5*h. What are the prime factors of h?
2, 3, 107
Suppose 4*k + 4*b - 28840 = 0, 0*b - 3*b + 28837 = 4*k. List the prime factors of k.
7207
Let w be (-21)/(-7)*4/(-3). Let u(q) = -4*q**3 - 5*q**2 + 8*q - 5. What are the prime factors of u(w)?
139
Let u be ((6/(-5))/1)/((-12)/2910). Let m = u + -86. Suppose -4*o + 557 = m. What are the prime factors of o?
2, 11
Suppose 0*s = -2*s + 4. Let h(j) = j**2 - 187 + s*j**2 - 5*j + 186. What are the prime factors of h(7)?
3, 37
Let r(n) = -71*n + 18. Suppose -4*m + 1 = 3*t - 12, 2*m = 4*t - 10. Let j be r(t). Let c = -80 - j. List the prime factors of c.
5, 23
Suppose 4*z = -z - 3*h - 222, -2*z - h = 88. Let i(y) = 212*y**3 + 3*y**2 + 3*y + 1. Let d be i(-2). List the prime factors of (-7)/z - d/18.
2, 47
Suppose 959*c = 1050*c - 4537078. List the prime factors of c.
2, 97, 257
Suppose 38*a - 1 = m + 35*a, 2*m + 5*a - 9 = 0. Suppose j - 926 = m*r, -3*r = -7*r + 16. List the prime factors of j.
2, 467
Suppose -v - 4*r + 20 = 4, 3*v - 3*r + 12 = 0. List the prime factors of (616 + v + -2)*2.
2, 307
Suppose s + 5*g - 955 = 0, 2*s - g - 2420 = -543. Suppose 0 = 9*d + d - s. Suppose 5*h - 15 = 0, c - 3*h = d + 17. What are the prime factors of c?
2, 3, 5
Let h = 9804 - 4240. List the prime factors of h.
2, 13, 107
Suppose -2*i - 25806 = -4*b + 7252, 5*i - 8259 = -b. What are the prime factors of b?
2, 1033
Let d be ((-242)/8 - 2)/(21/(-140)). Let f = -121 + d. What are the prime factors of f?
2, 47
Let g = 45910 + -22633. List the prime factors of g.
3, 7759
Let i = -241 + 475. Let a(s) = s**2 - 2*s. Let y be a(2). Suppose y*u + 3*u = i. What are the prime factors of u?
2, 3, 13
Let n(a) = 73*a**2 + 34*a + 217. What are the prime factors of n(19)?
2, 3, 7
Suppose 0 = 7*f - 87021 + 25848. List the prime factors of f.
3, 971
Let o(q) = -q**3 + 13*q**2 - 12*q + 10. Let r be o(12). Suppose -2*k + 14 = r. Suppose 30 = 5*c + 3*b, b = -3*c - 4*b + k. What are the prime factors of c?
3
Suppose 26*u - 29*u = -2*f - 47170, u - 15719 = 5*f. List the prime factors of u.
2, 3931
Let r(d) = 39*d + 45. Let g be r(-14). Let n = g - -845. What are the prime factors of n?
2, 43
Suppose -29*i + 1817 = -6*i. Suppose -738 - i = -b. List the prime factors of b.
19, 43
Let k(a) = a**3 - 40*a**2 - 38*a - 53. Let f be k(42). Suppose -1939 = -23*h + f. List the prime factors of h.
2, 83
Suppose 11*t - 9*t - 2*n = 134382, 0 = -5*t - 4*n + 335910. What are the prime factors of t?
2, 7, 4799
Suppose 355342 + 183486 - 55728 = 100*b. What are the prime factors of b?
4831
Suppose -34*d - 73*d + 660598 = -28*d. What are the prime factors of d?
2, 37, 113
Let x(l) = 14*l**3 - 25*l**2 + 107*l - 88. List the prime factors of x(11).
2, 3, 11, 23
Suppose -6*m + 10*m - 123284 = -10*m. List the prime factors of m.
2, 7, 17, 37
Suppose 3*w - 5*c = -2*c + 156, c = 0. Let h(y) = -3*y**2 - y + 6. Let d be h(-2). Let i = d + w. List the prime factors of i.
2, 3
Let o(c) = 668*c**2 + 2*c - 47. What are the prime factors of o(-5)?
11, 17, 89
Suppose -i = -6*s + 7*s - 5, 7 = 2*s + 3*i. List the prime factors of 12/(-10)*(-1 + (-612)/s).
3, 31
Let z be (-1 - 0)/((-4)/8). Suppose 5*n + z*q = -0*n + 42, 5*q - 5 = 0. List the prime factors of n.
2
Suppose q - 5*q + 20 = 0. Suppose -4*n - 3*f + 64 = 0, -64 = -5*n + q*f + 16. List the prime factors of n.
2
Suppose 3*z - 270 = -63. Suppose 64*s + 830 = z*s. What are the prime factors of s?
2, 83
Suppose 0 = 9*m + 1411 + 1100. Let f = m - -477. Suppose -h = 3*i - f, 2*h - 254 = -3*i - 53. List the prime factors of i.
5, 13
Suppose 0 = 6*c - 5964 - 28152. What are the prime factors of c?
2, 2843
Suppose 0 = 5*o + 2*i - 1977, 4*i + 1181 = 20*o - 17*o. Suppose 0*y - 450 = -5*y. Suppose -5*l - y = -o. What are the prime factors of l?
61
Suppose -758*z + 27636 = -755*z. List the prime factors of z.
2, 7, 47
Let b(g) = 6*g + 63. Let j be b(-11). Suppose -m - 4*m = 35. List the prime factors of -1 + (j/7 - 24/m).
2
Let m = 39662 - -5445. Suppose -44*i + m = 9247. List the prime factors of i.
5, 163
Suppose 5*k - 472 = 863. Suppose i - 5*q - 182 = 0, -5*q - 259 - k = -3*i. List the prime factors of i.
2, 43
Suppose 18201 + 4464 = 15*n. Suppose -3*f - 24*v + 19*v = -n, 0 = 4*v + 8. List the prime factors of f.
3, 13
Suppose -2*s = -8, 4*o + s - 22 = 18. Suppose 0*u - u + w - o = 0, -4*w + 28 = -2*u. List the prime factors of u - ((1 - -3) + -55).
47
Suppose 164*v = 149*v + 52155. What are the prime factors of v?
3, 19, 61
Let j be (-8 + 69/9)/(1/(-5982)). Let l = 3128 - j. List the prime factors of l.
2, 3, 7
Let h be 62/93 - ((-152)/6 + 1). Suppose -3*a - h + 169 = 0. List the prime factors of a.
2, 3
Let k(j) = j**2 - 2*j - 19. Suppose -3*h - 48 = -11*h. Let a be k(h). List the prime factors of a - (0 - 735/3).
2, 5
What are the prime factors of 4 + (-16)/6 - 89300/(-57)?
2, 7
Suppose n + 1 = 3*x, -3*n + 5*x + 5 = -0*n. Suppose 0 = -4*w - 4*r + 220, -n*w - 2*r = r - 267. Suppose 0 = 8*z - 7*z - w. What are the prime factors of z?
3, 17
Suppose -i = i + 68. Suppose 2*w + 172 = 6*w. Let x = w + i. What are the prime factors of x?
3
Let k(i) = -4*i**3 - 8*i**2 - 6*i + 3. Suppose -4*s - 24 = 4*h, 3*s + 11 = -4*h - 12. List the prime factors of k(h).
3, 37
Let b = -135 - -133. What are the prime factors of b - (-19)/(38/96)?
2, 23
Suppose -3*w - 2*w - 9615 = 5*h, -2*h + 3*w = 3836. Let a = -1089 - h. What are the prime factors of a?
2, 13
Let i be (-351)/(-65) + (-12)/30. Suppose 2*z = 2*a + 2066, 4*z - i*a + 18 = 4153. List the prime factors of z.
2, 5, 103
What are the prime factors of (-4 + 2)*1 - 8/(-24)*20379?
6791
Suppose -a - 9960 = -129*o + 126*o, a = -o + 3312. List the prime factors of o.
2, 3, 7, 79
Let g = -124 - -1573. Suppose -4*c + 3*r = -3546, g = 3*c - 4*r - 1214. List the prime factors of c.
3, 5, 59
What are the prime factors of 21/((-3290)/(-546) - 6)?
3, 7, 13
Let f(k) = k**3 + 22*k**2 + 40*k + 16. Let z be f(-20). Let h = 54 + z. List the prime factors of h.
2, 5, 7
Suppose -l = -11*a + 13*a - 14128, -5*l + 5*a = -70745. What are the prime factors of l?
2, 3, 2357
Let h = -17852 - -60042. What are the prime factors of h?
2, 5, 4219
Let q = -15 - 9. Suppose 6 = -v + 38. Let w = q + v. What are the prime factors of w?
2
Suppose 6*d - 2125 - 3629 = 0. Let o = d - -12. What are the prime factors of o?
971
Suppose -86052 = -98*o + 95*o + 3*x, -2*o + 57360 = -6*x. What are the prime factors